{"id":9148,"date":"2023-09-26T11:31:30","date_gmt":"2023-09-26T11:31:30","guid":{"rendered":"https:\/\/laligue78.org\/?page_id=9148"},"modified":"2023-09-26T11:31:30","modified_gmt":"2023-09-26T11:31:30","slug":"contrat-engagement-jeunes-jeunes-en-rupture","status":"publish","type":"page","link":"https:\/\/laligue78.org\/index.php\/contrat-engagement-jeunes-jeunes-en-rupture\/","title":{"rendered":"Contrat Engagement Jeunes \u00ab\u00a0Jeunes en Rupture\u00a0\u00bb"},"content":{"rendered":"\n<figure class=\"wp-block-image size-full\"><img fetchpriority=\"high\" decoding=\"async\" width=\"641\" height=\"378\" src=\"https:\/\/laligue78.org\/wp-content\/uploads\/2023\/09\/banniere-cej.jpg\" alt=\"\" class=\"wp-image-9150\" srcset=\"https:\/\/laligue78.org\/wp-content\/uploads\/2023\/09\/banniere-cej.jpg 641w, https:\/\/laligue78.org\/wp-content\/uploads\/2023\/09\/banniere-cej-300x177.jpg 300w\" sizes=\"(max-width: 641px) 100vw, 641px\" \/><\/figure>\n\n\n\n<p><\/p>\n\n\n\n<p>La Ligue de l&rsquo;Enseignement en&nbsp;partenariat avec la Mission Locale du Mantois dans le cadre du projet CEJ Jeunes en rupture rep\u00e8rent et accompagnent les jeunes de 16 \u00e0 25 ans qui se trouvent sans emploi ni formation depuis au moins 5 mois et 30 jours sur le territoire du Mantois.<\/p>\n\n\n\n<p>\ud83c\udf1f Qu&rsquo;est-ce que le CEJ JR ?<br>Le Contrat d&rsquo;Engagement Jeunes en rupture (CEJ JR) est une initiative visant \u00e0 offrir un accompagnement personnalis\u00e9 de 15 \u00e0 20h par semaine et une aide financi\u00e8re.<\/p>\n\n\n\n<p>Pour rappel, les crit\u00e8res d\u2019\u00e9ligibilit\u00e9 qui sont indiqu\u00e9s dans la circulaire interminist\u00e9rielle\u00a0n\u00b0 DGEFP\/MAJE\/DIPLP\/DIHAL\/2022\/117 du 22 avril 2022 relative \u00e0 la mise en \u0153uvre du contrat\u00a0d\u2019engagement pour les jeunes en rupture qui pr\u00e9cise \u00e0 cet \u00e9gard que \u00ab l\u2019\u00e9loignement du jeune vis-\u00e0-vis du\u00a0service public de l\u2019emploi peut concerner \u00e0 la fois un jeune non inscrit aupr\u00e8s d\u2019une mission locale ou comme\u00a0demandeur d\u2019emploi, ou un jeune inscrit n\u2019ayant pas eu de contact avec son conseiller depuis au moins 5\u00a0mois (qui correspond \u00e0 l\u2019\u00e9ch\u00e9ance \u00e0 partir de laquelle le jeune est en mode \u00ab veille \u00bb dans le syst\u00e8me\u00a0d\u2019information des missions locales\u00a0\u00bb. <\/p>\n\n\n\n<ul class=\"wp-block-list\">\n<li>Un faisceau d\u2019indices afin de cibler prioritairement certains jeunes, cumulant des difficult\u00e9s :<\/li>\n\n\n\n<li>Absence de logement stable : les jeunes h\u00e9berg\u00e9s en structure sont \u00e9ligibles ;<\/li>\n\n\n\n<li>Public sp\u00e9cifique (sortant de l\u2019Aide Sociale \u00e0 l\u2019Enfance (ASE), public suivi ou anciennement&nbsp;suivi par la Protection judiciaire de la jeunesse (PJJ), sortant de prison, Mineurs non accompagn\u00e9s (MNA)&nbsp;ou b\u00e9n\u00e9ficiaire d\u2019une protection internationale (BPI), \u2026) ;<\/li>\n\n\n\n<li>Niveau de qualification<\/li>\n\n\n\n<li>Probl\u00e9matiques de sant\u00e9 physique et mentale, incluant les conduites addictives de produits&nbsp;licites (tabac, alcool) ou illicites (drogues, quelle que soit la substance). Une attention particuli\u00e8re est \u00e0&nbsp;porter sur un usage probl\u00e9matique aux \u00e9crans.<\/li>\n<\/ul>\n\n\n\n<p>Une fois en CEJ JR, le jeune a 15h d&rsquo;accompagnement \/ semaine, qui peuvent \u00eatre autonomes (recherches de formations, emplois\u2026)<\/p>\n\n\n\n<p>\ud83d\ude4c Nous avons besoin de vous ! Et de l&rsquo;ensemble des partenaires et des familles du territoire !!<\/p>\n\n\n\n<p>\ud83d\udcac Comment pouvez-vous contribuer ?<\/p>\n\n\n\n<p>Partagez cette information pour sensibiliser votre r\u00e9seau \u00e0 notre projet.<br>Mettez-nous en contact avec des jeunes \u00e9ligibles au CEJ JR (Jeunes de 16 \u00e0 25 ans &#8211; sans emplois &#8211; sans formation depuis 5 mois et 30 jours).<br>Offrez des opportunit\u00e9s de formation ou d&#8217;emploi pour ces jeunes en qu\u00eate d&rsquo;une seconde chance.<\/p>\n\n\n\n<p>\ud83d\udce7 Pour plus d&rsquo;informations et pour rejoindre notre cause, n&rsquo;h\u00e9sitez pas \u00e0 nous contacter \u00e0 insertion@laligue78.org<\/p>\n","protected":false},"excerpt":{"rendered":"<p>La Ligue de l&rsquo;Enseignement en&nbsp;partenariat avec la Mission Locale du Mantois dans le cadre du projet CEJ Jeunes en rupture rep\u00e8rent et accompagnent les jeunes de 16 \u00e0 25 ans qui se trouvent sans emploi ni formation depuis au moins 5 mois et 30 jours sur le territoire du Mantois. \ud83c\udf1f Qu&rsquo;est-ce que le CEJ&#8230;<\/p>\n","protected":false},"author":3,"featured_media":0,"parent":0,"menu_order":0,"comment_status":"closed","ping_status":"closed","template":"","meta":{"_kad_post_transparent":"","_kad_post_title":"","_kad_post_layout":"","_kad_post_sidebar_id":"","_kad_post_content_style":"","_kad_post_vertical_padding":"","_kad_post_feature":"","_kad_post_feature_position":"","_kad_post_header":false,"_kad_post_footer":false,"_kad_post_classname":"","footnotes":""},"class_list":["post-9148","page","type-page","status-publish","hentry"],"yoast_head":"<!-- This site is optimized with the Yoast SEO plugin v27.2 - https:\/\/yoast.com\/product\/yoast-seo-wordpress\/ -->\n<title>Contrat Engagement Jeunes &quot;Jeunes en Rupture&quot; -<\/title>\n<meta name=\"robots\" content=\"index, follow, max-snippet:-1, max-image-preview:large, max-video-preview:-1\" \/>\n<link rel=\"canonical\" href=\"https:\/\/laligue78.org\/index.php\/contrat-engagement-jeunes-jeunes-en-rupture\/\" \/>\n<meta property=\"og:locale\" content=\"fr_FR\" \/>\n<meta property=\"og:type\" content=\"article\" \/>\n<meta property=\"og:title\" content=\"Contrat Engagement Jeunes &quot;Jeunes en Rupture&quot; -\" \/>\n<meta property=\"og:description\" content=\"La Ligue de l&rsquo;Enseignement en&nbsp;partenariat avec la Mission Locale du Mantois dans le cadre du projet CEJ Jeunes en rupture rep\u00e8rent et accompagnent les jeunes de 16 \u00e0 25 ans qui se trouvent sans emploi ni formation depuis au moins 5 mois et 30 jours sur le territoire du Mantois. \ud83c\udf1f Qu&rsquo;est-ce que le CEJ...\" \/>\n<meta property=\"og:url\" content=\"https:\/\/laligue78.org\/index.php\/contrat-engagement-jeunes-jeunes-en-rupture\/\" \/>\n<meta property=\"og:image\" content=\"https:\/\/laligue78.org\/wp-content\/uploads\/2023\/09\/banniere-cej.jpg\" \/>\n<meta name=\"twitter:card\" content=\"summary_large_image\" \/>\n<meta name=\"twitter:label1\" content=\"Dur\u00e9e de lecture estim\u00e9e\" \/>\n\t<meta name=\"twitter:data1\" content=\"3 minutes\" \/>\n<script type=\"application\/ld+json\" class=\"yoast-schema-graph\">{\"@context\":\"https:\/\/schema.org\",\"@graph\":[{\"@type\":\"WebPage\",\"@id\":\"https:\/\/laligue78.org\/index.php\/contrat-engagement-jeunes-jeunes-en-rupture\/\",\"url\":\"https:\/\/laligue78.org\/index.php\/contrat-engagement-jeunes-jeunes-en-rupture\/\",\"name\":\"Contrat Engagement Jeunes \\\"Jeunes en Rupture\\\" -\",\"isPartOf\":{\"@id\":\"https:\/\/laligue78.org\/#website\"},\"primaryImageOfPage\":{\"@id\":\"https:\/\/laligue78.org\/index.php\/contrat-engagement-jeunes-jeunes-en-rupture\/#primaryimage\"},\"image\":{\"@id\":\"https:\/\/laligue78.org\/index.php\/contrat-engagement-jeunes-jeunes-en-rupture\/#primaryimage\"},\"thumbnailUrl\":\"https:\/\/laligue78.org\/wp-content\/uploads\/2023\/09\/banniere-cej.jpg\",\"datePublished\":\"2023-09-26T11:31:30+00:00\",\"breadcrumb\":{\"@id\":\"https:\/\/laligue78.org\/index.php\/contrat-engagement-jeunes-jeunes-en-rupture\/#breadcrumb\"},\"inLanguage\":\"fr-FR\",\"potentialAction\":[{\"@type\":\"ReadAction\",\"target\":[\"https:\/\/laligue78.org\/index.php\/contrat-engagement-jeunes-jeunes-en-rupture\/\"]}]},{\"@type\":\"ImageObject\",\"inLanguage\":\"fr-FR\",\"@id\":\"https:\/\/laligue78.org\/index.php\/contrat-engagement-jeunes-jeunes-en-rupture\/#primaryimage\",\"url\":\"https:\/\/laligue78.org\/wp-content\/uploads\/2023\/09\/banniere-cej.jpg\",\"contentUrl\":\"https:\/\/laligue78.org\/wp-content\/uploads\/2023\/09\/banniere-cej.jpg\",\"width\":641,\"height\":378},{\"@type\":\"BreadcrumbList\",\"@id\":\"https:\/\/laligue78.org\/index.php\/contrat-engagement-jeunes-jeunes-en-rupture\/#breadcrumb\",\"itemListElement\":[{\"@type\":\"ListItem\",\"position\":1,\"name\":\"Accueil\",\"item\":\"https:\/\/laligue78.org\/\"},{\"@type\":\"ListItem\",\"position\":2,\"name\":\"Contrat Engagement Jeunes &#8220;Jeunes en Rupture&#8221;\"}]},{\"@type\":\"WebSite\",\"@id\":\"https:\/\/laligue78.org\/#website\",\"url\":\"https:\/\/laligue78.org\/\",\"name\":\"\",\"description\":\"S&#039;associer est une force ! \",\"potentialAction\":[{\"@type\":\"SearchAction\",\"target\":{\"@type\":\"EntryPoint\",\"urlTemplate\":\"https:\/\/laligue78.org\/?s={search_term_string}\"},\"query-input\":{\"@type\":\"PropertyValueSpecification\",\"valueRequired\":true,\"valueName\":\"search_term_string\"}}],\"inLanguage\":\"fr-FR\"}]}<\/script>\n<!-- \/ Yoast SEO plugin. -->","yoast_head_json":{"title":"Contrat Engagement Jeunes \"Jeunes en Rupture\" -","robots":{"index":"index","follow":"follow","max-snippet":"max-snippet:-1","max-image-preview":"max-image-preview:large","max-video-preview":"max-video-preview:-1"},"canonical":"https:\/\/laligue78.org\/index.php\/contrat-engagement-jeunes-jeunes-en-rupture\/","og_locale":"fr_FR","og_type":"article","og_title":"Contrat Engagement Jeunes \"Jeunes en Rupture\" -","og_description":"La Ligue de l&rsquo;Enseignement en&nbsp;partenariat avec la Mission Locale du Mantois dans le cadre du projet CEJ Jeunes en rupture rep\u00e8rent et accompagnent les jeunes de 16 \u00e0 25 ans qui se trouvent sans emploi ni formation depuis au moins 5 mois et 30 jours sur le territoire du Mantois. \ud83c\udf1f Qu&rsquo;est-ce que le CEJ...","og_url":"https:\/\/laligue78.org\/index.php\/contrat-engagement-jeunes-jeunes-en-rupture\/","og_image":[{"url":"https:\/\/laligue78.org\/wp-content\/uploads\/2023\/09\/banniere-cej.jpg","type":"","width":"","height":""}],"twitter_card":"summary_large_image","twitter_misc":{"Dur\u00e9e de lecture estim\u00e9e":"3 minutes"},"schema":{"@context":"https:\/\/schema.org","@graph":[{"@type":"WebPage","@id":"https:\/\/laligue78.org\/index.php\/contrat-engagement-jeunes-jeunes-en-rupture\/","url":"https:\/\/laligue78.org\/index.php\/contrat-engagement-jeunes-jeunes-en-rupture\/","name":"Contrat Engagement Jeunes \"Jeunes en Rupture\" -","isPartOf":{"@id":"https:\/\/laligue78.org\/#website"},"primaryImageOfPage":{"@id":"https:\/\/laligue78.org\/index.php\/contrat-engagement-jeunes-jeunes-en-rupture\/#primaryimage"},"image":{"@id":"https:\/\/laligue78.org\/index.php\/contrat-engagement-jeunes-jeunes-en-rupture\/#primaryimage"},"thumbnailUrl":"https:\/\/laligue78.org\/wp-content\/uploads\/2023\/09\/banniere-cej.jpg","datePublished":"2023-09-26T11:31:30+00:00","breadcrumb":{"@id":"https:\/\/laligue78.org\/index.php\/contrat-engagement-jeunes-jeunes-en-rupture\/#breadcrumb"},"inLanguage":"fr-FR","potentialAction":[{"@type":"ReadAction","target":["https:\/\/laligue78.org\/index.php\/contrat-engagement-jeunes-jeunes-en-rupture\/"]}]},{"@type":"ImageObject","inLanguage":"fr-FR","@id":"https:\/\/laligue78.org\/index.php\/contrat-engagement-jeunes-jeunes-en-rupture\/#primaryimage","url":"https:\/\/laligue78.org\/wp-content\/uploads\/2023\/09\/banniere-cej.jpg","contentUrl":"https:\/\/laligue78.org\/wp-content\/uploads\/2023\/09\/banniere-cej.jpg","width":641,"height":378},{"@type":"BreadcrumbList","@id":"https:\/\/laligue78.org\/index.php\/contrat-engagement-jeunes-jeunes-en-rupture\/#breadcrumb","itemListElement":[{"@type":"ListItem","position":1,"name":"Accueil","item":"https:\/\/laligue78.org\/"},{"@type":"ListItem","position":2,"name":"Contrat Engagement Jeunes &#8220;Jeunes en Rupture&#8221;"}]},{"@type":"WebSite","@id":"https:\/\/laligue78.org\/#website","url":"https:\/\/laligue78.org\/","name":"","description":"S&#039;associer est une force ! ","potentialAction":[{"@type":"SearchAction","target":{"@type":"EntryPoint","urlTemplate":"https:\/\/laligue78.org\/?s={search_term_string}"},"query-input":{"@type":"PropertyValueSpecification","valueRequired":true,"valueName":"search_term_string"}}],"inLanguage":"fr-FR"}]}},"_links":{"self":[{"href":"https:\/\/laligue78.org\/index.php\/wp-json\/wp\/v2\/pages\/9148","targetHints":{"allow":["GET"]}}],"collection":[{"href":"https:\/\/laligue78.org\/index.php\/wp-json\/wp\/v2\/pages"}],"about":[{"href":"https:\/\/laligue78.org\/index.php\/wp-json\/wp\/v2\/types\/page"}],"author":[{"embeddable":true,"href":"https:\/\/laligue78.org\/index.php\/wp-json\/wp\/v2\/users\/3"}],"replies":[{"embeddable":true,"href":"https:\/\/laligue78.org\/index.php\/wp-json\/wp\/v2\/comments?post=9148"}],"version-history":[{"count":1,"href":"https:\/\/laligue78.org\/index.php\/wp-json\/wp\/v2\/pages\/9148\/revisions"}],"predecessor-version":[{"id":9152,"href":"https:\/\/laligue78.org\/index.php\/wp-json\/wp\/v2\/pages\/9148\/revisions\/9152"}],"wp:attachment":[{"href":"https:\/\/laligue78.org\/index.php\/wp-json\/wp\/v2\/media?parent=9148"}],"curies":[{"name":"wp","href":"https:\/\/api.w.org\/{rel}","templated":true}]}}

<figure class="wp-block-image size-full"><img fetchpriority="high" decoding="async" width="641" height="378" src="https://laligue78.org/wp-content/uploads/2023/09/banniere-cej.jpg" alt="" class="wp-image-9150" srcset="https://laligue78.org/wp-content/uploads/2023/09/banniere-cej.jpg 641w, https://laligue78.org/wp-content/uploads/2023/09/banniere-cej-300x177.jpg 300w" sizes="(max-width: 641px) 100vw, 641px" /></figure>



<p></p>



<p>La Ligue de l&rsquo;Enseignement en&nbsp;partenariat avec la Mission Locale du Mantois dans le cadre du projet CEJ Jeunes en rupture repèrent et accompagnent les jeunes de 16 à 25 ans qui se trouvent sans emploi ni formation depuis au moins 5 mois et 30 jours sur le territoire du Mantois.</p>



<p>🌟 Qu&rsquo;est-ce que le CEJ JR ?<br>Le Contrat d&rsquo;Engagement Jeunes en rupture (CEJ JR) est une initiative visant à offrir un accompagnement personnalisé de 15 à 20h par semaine et une aide financière.</p>



<p>Pour rappel, les critères d’éligibilité qui sont indiqués dans la circulaire interministérielle n° DGEFP/MAJE/DIPLP/DIHAL/2022/117 du 22 avril 2022 relative à la mise en œuvre du contrat d’engagement pour les jeunes en rupture qui précise à cet égard que « l’éloignement du jeune vis-à-vis du service public de l’emploi peut concerner à la fois un jeune non inscrit auprès d’une mission locale ou comme demandeur d’emploi, ou un jeune inscrit n’ayant pas eu de contact avec son conseiller depuis au moins 5 mois (qui correspond à l’échéance à partir de laquelle le jeune est en mode « veille » dans le système d’information des missions locales ». </p>



<ul class="wp-block-list">
<li>Un faisceau d’indices afin de cibler prioritairement certains jeunes, cumulant des difficultés :</li>



<li>Absence de logement stable : les jeunes hébergés en structure sont éligibles ;</li>



<li>Public spécifique (sortant de l’Aide Sociale à l’Enfance (ASE), public suivi ou anciennement&nbsp;suivi par la Protection judiciaire de la jeunesse (PJJ), sortant de prison, Mineurs non accompagnés (MNA)&nbsp;ou bénéficiaire d’une protection internationale (BPI), …) ;</li>



<li>Niveau de qualification</li>



<li>Problématiques de santé physique et mentale, incluant les conduites addictives de produits&nbsp;licites (tabac, alcool) ou illicites (drogues, quelle que soit la substance). Une attention particulière est à&nbsp;porter sur un usage problématique aux écrans.</li>
</ul>



<p>Une fois en CEJ JR, le jeune a 15h d&rsquo;accompagnement / semaine, qui peuvent être autonomes (recherches de formations, emplois…)</p>



<p>🙌 Nous avons besoin de vous ! Et de l&rsquo;ensemble des partenaires et des familles du territoire !!</p>



<p>💬 Comment pouvez-vous contribuer ?</p>



<p>Partagez cette information pour sensibiliser votre réseau à notre projet.<br>Mettez-nous en contact avec des jeunes éligibles au CEJ JR (Jeunes de 16 à 25 ans &#8211; sans emplois &#8211; sans formation depuis 5 mois et 30 jours).<br>Offrez des opportunités de formation ou d&#8217;emploi pour ces jeunes en quête d&rsquo;une seconde chance.</p>



<p>📧 Pour plus d&rsquo;informations et pour rejoindre notre cause, n&rsquo;hésitez pas à nous contacter à insertion@laligue78.org</p>

<p>La Ligue de l&rsquo;Enseignement en&nbsp;partenariat avec la Mission Locale du Mantois dans le cadre du projet CEJ Jeunes en rupture repèrent et accompagnent les jeunes de 16 à 25 ans qui se trouvent sans emploi ni formation depuis au moins 5 mois et 30 jours sur le territoire du Mantois. 🌟 Qu&rsquo;est-ce que le CEJ&#8230;</p>

<!-- This site is optimized with the Yoast SEO plugin v27.2 - https://yoast.com/product/yoast-seo-wordpress/ -->
<title>Contrat Engagement Jeunes &quot;Jeunes en Rupture&quot; -</title>
<meta name="robots" content="index, follow, max-snippet:-1, max-image-preview:large, max-video-preview:-1" />
<link rel="canonical" href="https://laligue78.org/index.php/contrat-engagement-jeunes-jeunes-en-rupture/" />
<meta property="og:locale" content="fr_FR" />
<meta property="og:type" content="article" />
<meta property="og:title" content="Contrat Engagement Jeunes &quot;Jeunes en Rupture&quot; -" />
<meta property="og:description" content="La Ligue de l&rsquo;Enseignement en&nbsp;partenariat avec la Mission Locale du Mantois dans le cadre du projet CEJ Jeunes en rupture repèrent et accompagnent les jeunes de 16 à 25 ans qui se trouvent sans emploi ni formation depuis au moins 5 mois et 30 jours sur le territoire du Mantois. 🌟 Qu&rsquo;est-ce que le CEJ..." />
<meta property="og:url" content="https://laligue78.org/index.php/contrat-engagement-jeunes-jeunes-en-rupture/" />
<meta property="og:image" content="https://laligue78.org/wp-content/uploads/2023/09/banniere-cej.jpg" />
<meta name="twitter:card" content="summary_large_image" />
<meta name="twitter:label1" content="Durée de lecture estimée" />
	<meta name="twitter:data1" content="3 minutes" />
<script type="application/ld+json" class="yoast-schema-graph">{"@context":"https://schema.org","@graph":[{"@type":"WebPage","@id":"https://laligue78.org/index.php/contrat-engagement-jeunes-jeunes-en-rupture/","url":"https://laligue78.org/index.php/contrat-engagement-jeunes-jeunes-en-rupture/","name":"Contrat Engagement Jeunes \"Jeunes en Rupture\" -","isPartOf":{"@id":"https://laligue78.org/#website"},"primaryImageOfPage":{"@id":"https://laligue78.org/index.php/contrat-engagement-jeunes-jeunes-en-rupture/#primaryimage"},"image":{"@id":"https://laligue78.org/index.php/contrat-engagement-jeunes-jeunes-en-rupture/#primaryimage"},"thumbnailUrl":"https://laligue78.org/wp-content/uploads/2023/09/banniere-cej.jpg","datePublished":"2023-09-26T11:31:30+00:00","breadcrumb":{"@id":"https://laligue78.org/index.php/contrat-engagement-jeunes-jeunes-en-rupture/#breadcrumb"},"inLanguage":"fr-FR","potentialAction":[{"@type":"ReadAction","target":["https://laligue78.org/index.php/contrat-engagement-jeunes-jeunes-en-rupture/"]}]},{"@type":"ImageObject","inLanguage":"fr-FR","@id":"https://laligue78.org/index.php/contrat-engagement-jeunes-jeunes-en-rupture/#primaryimage","url":"https://laligue78.org/wp-content/uploads/2023/09/banniere-cej.jpg","contentUrl":"https://laligue78.org/wp-content/uploads/2023/09/banniere-cej.jpg","width":641,"height":378},{"@type":"BreadcrumbList","@id":"https://laligue78.org/index.php/contrat-engagement-jeunes-jeunes-en-rupture/#breadcrumb","itemListElement":[{"@type":"ListItem","position":1,"name":"Accueil","item":"https://laligue78.org/"},{"@type":"ListItem","position":2,"name":"Contrat Engagement Jeunes &#8220;Jeunes en Rupture&#8221;"}]},{"@type":"WebSite","@id":"https://laligue78.org/#website","url":"https://laligue78.org/","name":"","description":"S&#039;associer est une force ! ","potentialAction":[{"@type":"SearchAction","target":{"@type":"EntryPoint","urlTemplate":"https://laligue78.org/?s={search_term_string}"},"query-input":{"@type":"PropertyValueSpecification","valueRequired":true,"valueName":"search_term_string"}}],"inLanguage":"fr-FR"}]}</script>
<!-- / Yoast SEO plugin. -->

La Ligue de l&rsquo;Enseignement en&nbsp;partenariat avec la Mission Locale du Mantois dans le cadre du projet CEJ Jeunes en rupture repèrent et accompagnent les jeunes de 16 à 25 ans qui se trouvent sans emploi ni formation depuis au moins 5 mois et 30 jours sur le territoire du Mantois. 🌟 Qu&rsquo;est-ce que le CEJ...
